1334. Calculate the remainder when x is divided by 21.
16
Suppose -5*q + 5*g = -38 - 2, 0 = -q - 5*g - 4. Calculate the remainder when 10 is divided by q.
4
Suppose -3*h - 4 = -4*h. What is the remainder when 9 is divided by h?
1
Let k be 0/(-1)*2/(-2). Let s(u) = -u**2 + u + 20. What is the remainder when s(k) is divided by 7?
6
Suppose 0*c - c + 40 = 0. Let o(r) = -27*r - 1. Let y be o(1). Calculate the remainder when c is divided by (y/6)/((-3)/9).
12
Suppose -4*q + 546 = 2*q. Calculate the remainder when q is divided by 19.
15
Let x(i) = i**2 - 13*i - 12. What is the remainder when x(17) is divided by 29?
27
What is the remainder when (-238)/(-8) - 0 - (-1)/4 is divided by 8?
6
What is the remainder when (-1)/(-2) + (-135)/(-10) is divided by 4?
2
Let l(f) = f. Let u(p) = -p**2 + 14*p - 3. Let v(k) = -6*l(k) + u(k). Calculate the remainder when 22 is divided by v(5).
10
Let m be (-2712)/(-33) - (-2)/(-11). Let s = -57 + m. What is the remainder when s is divided by 9?
7
Let k = 65 - 17. Suppose -5*v + 5*p - 154 = -409, -v + 4*p + k = 0. Let b(m) = 3*m - 33. Calculate the remainder when v is divided by b(17).
16
Let h(o) = 3*o - 14. Suppose -6*t = -t - 35. What is the remainder when h(t) is divided by 4?
3
Suppose a - 5*a - 8 = 0. What is the remainder when 40 is divided by 14/a*(-4 - -1)?
19
Let o be 109/(-4) + (-2)/(-8). Let k(m) = m**3 + 2*m**2 - 9*m + 9. Let p be k(-8). Calculate the remainder when 32 is divided by p/o - 2/9.
10
Suppose -3*n - q + 110 = 3*q, 70 = 2*n + 2*q. What is the remainder when n is divided by 8?
6
Let f(j) = 8*j + 8. What is the remainder when f(6) is divided by 19?
18
Suppose n - g = g + 26, 5*n = -4*g + 144. What is the remainder when n is divided by 10?
8
Let h = 23 + -2. Suppose 2*i - 45 = 35. Calculate the remainder when i is divided by h.
19
Let x(y) = -y**2 + 16*y + 1. Let v be x(16). What is the remainder when 30 - (1/1)/v is divided by 16?
13
Let f = 129 + -84. Calculate the remainder when f is divided by 4/(-14) + 228/14.
13
Suppose -3*c = -0*c. Let h(k) = -k**2 + k - 27. Let j be h(c). Let p = 72 + j. Calculate the remainder when p is divided by 12.
9
Suppose -3*i + 5*i + 144 = 0. Let n = i - -137. Calculate the remainder when n is divided by 22.
21
What is the remainder when 100 is divided by (28/(-6))/(((-176)/(-120))/(-11))?
30
Let r = 20 - -2. What is the remainder when r is divided by 6/(-5)*(-20)/3?
6
Let p = -39 + 56. Suppose 5*l = 40 + 45. Suppose -l = -5*s + 28. Calculate the remainder when p is divided by s.
8
Let z(t) = 10*t**2 + 3*t - 3. Suppose -4*j + 76 = 16. What is the remainder when z(2) is divided by j?
13
Suppose 0 = -4*c - 3*h + 367, 4*h + 10 = -c + 92. Calculate the remainder when c is divided by 28.
10
Let l(d) = d**3 + d - 2. Let x be l(2). Let z = -1 + x. Suppose -p = -2*u + z*u - 20, -2*u = -4. What is the remainder when 18 is divided by p?
8
Suppose -4*h + 2 = 38. Suppose 795 = -2*o - 3*o. Calculate the remainder when 34 is divided by 1/3 + o/h.
16
Suppose 0 = -4*k - 3*z + 238 + 34, -2*z = 4*k - 272. What is the remainder when 406 is divided by k?
66
Let w(q) = q**3 - 11*q**2 + 10*q + 10. What is the remainder when 36 is divided by w(10)?
6
Suppose 2*j - 69 = -5*x, 2*j + 3*x = 2*x + 81. What is the remainder when j is divided by 22?
20
Calculate the remainder when 1220/18 + (-6)/(-27) is divided by 23.
22
Let s(o) = -o**3 + 9*o**2 - 6*o - 1. Let z be s(5). Suppose -a + 47 = 2*u, 4*u - a - z = 2*a. What is the remainder when 62 is divided by u?
20
Let j(t) = -38*t. Let s be j(1). Let r = s - -53. Let d = r - 4. What is the remainder when d is divided by 6?
5
Suppose 5*k + 2 - 16 = 2*p, 4*k = -3*p + 25. Suppose -5*g = y - 9, -3*y = -4*g - g + 13. Calculate the remainder when p is divided by g.
1
Suppose -2*n = -4*t + 58, 0*t = -t + 2*n + 7. Calculate the remainder when 64 is divided by t.
13
Let c(t) = -t**2 + 4*t - 1. Let i be c(2). Suppose o + 0*o - 1 = 0. Suppose -m + o = x, 3*x + 15 + 0 = i*m. What is the remainder when m is divided by 2?
1
Suppose -2*b + 40 = a, -3*a + 5*b = -a - 44. Calculate the remainder when 157 is divided by a.
29
Let m = -11 + 15. Suppose b = -4*b - m*c + 25, -3*b + 3*c = 12. Suppose 6*q = 2*q, -3*j + 2*q = -3. Calculate the remainder when j is divided by b.
0
What is the remainder when (3/2)/((-6)/(-108)) is divided by 15?
12
Suppose 0*k = 4*k + 8. Calculate the remainder when 26 is divided by 65/7 + k/7.
8
Let q = -9 - -18. Let y(n) = -n**2 - n + 2. Let x be y(-2). Suppose -5*k + 5 = -3*f, -2*f = -k - 6 - x. What is the remainder when q is divided by f?
4
Let u be 1052/(7 - 3) - -3. Suppose 2*s - b - 160 = 0, -3*s - 3*b = 2*b - u. Calculate the remainder when s is divided by 21.
19
Suppose 10*y - 196 = 3*y. What is the remainder when y is divided by 9?
1
Let m = -146 + 150. What is the remainder when 15 is divided by m?
3
Let j(u) = u - 13. Calculate the remainder when 15 is divided by j(19).
3
Let w(t) = -t**3 - 7*t**2 - 5*t - 6. What is the remainder when 114 is divided by w(-7)?
27
Let d(y) = -6*y - 3. Let z(p) = 4*p - 9. What is the remainder when d(-5) is divided by z(6)?
12
Suppose 5*d - 3*d = 18. Let u = 16 - d. What is the remainder when 11 is divided by u?
4
Suppose 36 - 281 = -5*f. Calculate the remainder when f is divided by 13.
10
Let h = 55 + -20. What is the remainder when h is divided by 12?
11
Let w be (-1)/1 + (2 - -1). Suppose s + 16 = 5*c - 14, 0 = -4*c + w*s + 30. Calculate the remainder when c is divided by 1/(4/(-24)*-3).
1
Suppose -36 = f - 4*f. Let o(r) = r**2 - 5*r + 1. Calculate the remainder when f is divided by o(6).
5
Suppose 5*l - 23 = 2*b, 5*l + 22 - 3 = -b. Let y = b + 22. Suppose -5 = 5*s, 0*q + s - 45 = -2*q. Calculate the remainder when q is divided by y.
7
Let c(d) = -d**2 - 7*d - 2. What is the remainder when 1 - 1/1 - -39 is divided by c(-4)?
9
Let t be (-1 - 1)/(-6)*18. Suppose d - 15 = 4*z, -z = -2*d + 5*d - t. What is the remainder when 6 is divided by d?
0
Let i = 44 + -24. Let r be 21/(-4 + 1) + 1. What is the remainder when 19 is divided by -1*3*i/r?
9
Let f(u) = -u**2 + u - 4. Let v be f(0). Let g(p) = p**2 - 4*p - 5. What is the remainder when g(v) is divided by 14?
13
Let w(t) = 4*t**2 + 5*t - 4. Calculate the remainder when w(3) is divided by (3/12 - -2)/((-3)/(-16)).
11
Let k(v) be the third derivative of v**5/10 + v**4/4 - 3*v**2. Calculate the remainder when k(-3) is divided by 10.
6
Let h(v) = v**3 - 9*v**2 + 7*v + 34. Calculate the remainder when 154 is divided by h(8).
24
Let o(x) = 2*x**2 - 3*x - 3. Calculate the remainder when o(3) is divided by 1 + 2/4*2.
0
What is the remainder when 79 is divided by (-3 + 12)*(6 + -3)?
25
Let q = -5 - -7. Suppose q*r - 25 = -3*j, -r - 3*j + 0*j = -14. Let l(k) = -7*k. Calculate the remainder when l(-3) is divided by r.
10
Let r = 97 + -58. Calculate the remainder when r is divided by 8.
7
Suppose j = -j + 118. Calculate the remainder when j is divided by (-1 - 1) + (-10 - -32).
19
Let h be (-5)/(15/(-12)) - -1. Suppose u - 276 = h*u. Let j = 97 + u. What is the remainder when j is divided by 10?
8
Let i(v) = 17*v**2 + v. Calculate the remainder when i(1) is divided by 7.
4
Let q(r) = r**2 + 2*r. Let m(f) = -f**3 + 5*f**2 - f + 2. Let a be m(5). What is the remainder when 5 is divided by q(a)?
2
Let l = 114 + -72. Calculate the remainder when l is divided by 22.
20
Suppose -2 = -4*p + 18. What is the remainder when 19 is divided by p?
4
Let f(a) = -36*a + 5. Let v be f(-5). Let r = v + -62. Suppose -4*c = 2*j - 120, -r - 16 = -5*c + 3*j. What is the remainder when c is divided by 15?
14
Calculate the remainder when (-2)/(-12) + 587/6 is divided by 20.
18
Suppose c = 4*c - 45. Let u(g) = 18*g - 16. Calculate the remainder when u(4) is divided by c.
11
Let n = 466 + -455. Let u = -22 - -53. Calculate the remainder when u is divided by n.
9
Let b(a) = 3*a - 1. Suppose 6*y = y - 2*w - 3, 5*y = w + 9. Let p be b(y). Let g(v) = 23*v - 2. What is the remainder when g(p) is divided by 15?
14
Calculate the remainder when 36 is divided by ((-189)/(-6))/9*6.
15
Suppose 0 = 2*j + 3*j - 180. Suppose -4*l + 24 = -3*k, 0 = -3*l - k + 9 - 4. Calculate the remainder when 10 is divided by (j/8)/(l/4).
4
Let m be -3 + 0 - (4 - 10). What is the remainder when 20 is divided b